/4 + 7*m**3/6 - m**2 - 2*m. Let s(g) = g**2 - 12*g + 15. Let u be s(10). What is the units digit of b(u)?
3
Let m(p) = p**2 - 3*p + 4. Let a be m(3). Let n(t) = 9*t**2 - 2*t**2 + 7*t - 3*t - a*t**2 + 3. What is the tens digit of n(-3)?
1
Let i(n) = -2*n**2 - 7 + n**3 + 0*n**3 - 2 - 6*n**2. Let s be i(8). What is the units digit of -3 - s/((-18)/(-20))?
7
Let i = 20 + 6. Let d = 44 - i. What is the units digit of d?
8
What is the tens digit of (30/4)/((-1295)/(-430) + -3)?
4
Let l be 540/(-63) + (-4)/(-7). Let w = l + 16. What is the units digit of w?
8
Let n(a) = a + 4. Let u(k) = -k**3 - 7*k**2 + k + 7. Let o be u(-7). Suppose o = -v - v + 8. What is the units digit of n(v)?
8
Let m be (-22)/10 + (-13)/(-65). Let t be 0 + 2 + -1 + 1. What is the tens digit of m*((-13)/t - 1)?
1
Suppose 73 = -2*u - 4*d - d, 0 = 2*u + d + 77. Let g be 107/(-3) - (-13)/u. Let b = -1 - g. What is the tens digit of b?
3
Suppose -2*o = -3*d - 4656, -12*d - 6978 = -3*o - 9*d. What is the thousands digit of o?
2
Suppose -2*r + 9 = 93. Let w = 215 + r. What is the tens digit of w/7 - (-8)/28?
2
Suppose -349 = -4*b - 117. Let g = 122 - b. What is the tens digit of g?
6
Suppose -4*w + 91 = 79. Suppose 0 - 96 = -4*p - 5*d, -95 = -w*p + 2*d. What is the tens digit of p?
2
Let l = 2470 - 243. What is the hundreds digit of l?
2
Suppose 2*u - 5 = 25. Let q = u - -3. What is the tens digit of q?
1
Suppose -2*w + 86 = -4*j, 0 = -2*j + 6*j + w + 95. Let v = j + 50. Suppose 6*a = 3*a + v. What is the units digit of a?
9
Let m be 3 + -1 + -5 - -7. Suppose i = m - 2. Suppose i*q + 3*p = 36, 4*q + 10 = 5*p + 82. What is the tens digit of q?
1
Let g be 13 + -1 - (-1 - -2). Let r = 33 + g. What is the units digit of r?
4
Let x = -29 - -29. Suppose x = -3*q - 0*q + 183. What is the units digit of q?
1
Let d(j) = 2*j**2 - 3*j + 6. Let p be d(3). Suppose p*q = 14*q + 2. Suppose 4*k - 88 = q*k. What is the tens digit of k?
4
Let b = 13 + -13. Suppose b = -2*h + 6*h + 4. What is the units digit of h/4 - (-365)/20?
8
Let w(u) = -21*u + 1178. What is the units digit of w(19)?
9
What is the thousands digit of 3/(3 - 0) + 27624/12?
2
Let x(a) = a + 9. Let m be x(-5). Suppose 3*d - 5*r = 1, -2*d + m*r + 2 = d. Suppose -d = 2*z, -b + z + 2 = -3. What is the units digit of b?
4
Suppose 4*v = 5*t + 8, -3*v - 2*v = -4*t - 19. Suppose -v*z = -2*z - 475. Suppose -3*w - 91 = -4*o + 2*w, 0 = -4*o + w + z. What is the units digit of o?
4
Let w(u) = -3*u**2 + u + 29. Let v(j) = j**2 - j - 15. Let n(c) = -7*v(c) - 3*w(c). What is the hundreds digit of n(8)?
1
Suppose -4*w - v + 68 = 0, -v = 3*w - 3*v - 40. Let i(r) = -10 - 1 - w - 6*r + 2*r. What is the tens digit of i(-20)?
5
Let v(f) = 9*f**2 - 15*f + 4. Suppose 2*i - 4 - 12 = 2*n, i = -4*n - 12. What is the tens digit of v(i)?
8
What is the tens digit of ((-309595)/130)/((-1)/2)?
6
What is the thousands digit of ((-734)/4)/(6/(-36))?
1
Suppose 0 = 114*s - 131*s + 64226. What is the hundreds digit of s?
7
Suppose -4*u = -2*u - 710. Suppose 0*d - u = -5*d. What is the units digit of d?
1
Suppose -3*w - 2 - 10 = 0. Let v(a) = -a**3 - 4*a**2 - 3*a - 6. Let p be v(w). Suppose 2*j = -2*x + p*j + 10, 25 = 5*x + 2*j. What is the units digit of x?
5
Let v = -23 + 81. Let w = v - 40. What is the units digit of w?
8
Let y(k) = -k**2 + 2*k + 7. Let v be (-6)/(4 + -1 - 5). Let t be y(v). Suppose -3*o = -5*p + 2*o + 180, -144 = -4*p - t*o. What is the tens digit of p?
3
Let b(v) = v**2 - 15*v + 16. Let y(d) = d. Let c(g) = -b(g) + 2*y(g). Let n be 103/7 - 2/(-7). What is the tens digit of c(n)?
1
Let j(z) = 4*z**3 + 9*z**2 - 2*z - 14. What is the thousands digit of j(6)?
1
Let c = 979 + 431. What is the hundreds digit of c?
4
Let i be (-5)/(3 + (-14)/5). What is the tens digit of (53/5)/((-5)/i)?
5
Let p be (-60)/(-25) - 8/20. Suppose -4*w + 98 = 4*d - 3*d, 4*w + p*d - 96 = 0. What is the units digit of w?
5
Let k(p) = 12*p - 2. Let x = -19 - -22. Suppose 4*f = -8, x*f = -4*t - 0*f - 2. What is the units digit of k(t)?
0
Let p = 6 - 6. Suppose p*b - 5*d + 36 = 4*b, 28 = 5*b + 2*d. What is the units digit of b?
4
Suppose -2*x - 12 = -4*l - x, 8 = -2*l + 4*x. Suppose 3*s - 2*q + 14 = 5*s, -8 = s - l*q. What is the units digit of s?
4
Suppose 0 = 5*g - 2*q - 8, -1 - 2 = -4*g + 5*q. Suppose -t = -g*t + 39. What is the units digit of t?
9
Let f be (-3 - (-54)/(-12))*(-4)/5. Let c(q) = q**3 - q**2 - 13*q + 7. What is the units digit of c(f)?
9
Let x = 24 - 12. Let b(q) = q**3 - 5*q**2 - 8*q + 8. Let j be b(6). What is the units digit of j/(-16) + 105/x?
9
Suppose -3*s = -5*s - 2. Let x(y) = 237*y**2 + 5*y + 2. What is the hundreds digit of x(s)?
2
Let t = 580 + -266. What is the tens digit of t?
1
Let k = 23 - 23. Suppose 8*v - 13*v + 390 = k. What is the tens digit of v?
7
Suppose -l + 2*l + 5*t = 17, 4*l + 5*t - 8 = 0. Let a be (l - 0)/((-27)/18). What is the units digit of 4*(a - (-57)/12)?
7
Let k be (-15)/(-25)*(158 - 3). Let i = k - 21. What is the tens digit of i?
7
Suppose 4*h - i - 3535 = h, -2*h + 2361 = -5*i. What is the tens digit of h?
7
Let s(l) = 2*l**3 - 23*l**2 - 8*l - 7. What is the tens digit of s(14)?
6
What is the tens digit of (-630)/(3/(-3) + -1 + 1)?
3
Let i(v) = -161*v - 3. Let y be i(-2). Suppose m = -w + 48, -5*w = m + 75 - y. What is the tens digit of w?
4
What is the units digit of 195/10*(-16)/(-24) + -7?
6
Let a(z) = z**3 - 8*z**2 + 9*z - 1. Let t be a(7). Suppose -1 = -x - 3*c + 38, -4*x + 5*c = -190. What is the units digit of (t + x)/(1*2)?
9
Let r = -15 + 18. Suppose 0 = -r*p + 13 + 41. Suppose -p + 6 = -3*w. What is the units digit of w?
4
Suppose -2*d = -d + 4. What is the units digit of 3/12 - 67/d?
7
Let s(i) be the second derivative of -i**4/12 - 10*i**3/3 + 39*i**2/2 + 28*i. What is the units digit of s(-21)?
8
Let x = -563 + 953. Suppose -6*m + 72 + x = 0. What is the units digit of m?
7
What is the hundreds digit of ((-21)/12)/(7/(-11592))?
8
Let z be (6/3 - 2)/(2/(-1)). Suppose z = 10*v - 4*v - 414. What is the tens digit of v?
6
Suppose 12*u = 8*u. Let c be (-1 - u) + 3 + -7. What is the units digit of (-136)/(-20) + (-1)/c?
7
What is the tens digit of 0 + (-8 - -18) + 239?
4
Let a(d) = -216*d - 47. What is the units digit of a(-4)?
7
Suppose 454*r = 449*r + 1325. What is the units digit of r?
5
Let w = 12 - 25. Let c = -7 - w. Let s = c + 1. What is the units digit of s?
7
What is the hundreds digit of (-3 - 0 - 1)/((-2)/529)?
0
Suppose -8216 = -0*c - 13*c. What is the tens digit of c?
3
Suppose 3 = -4*z - 1. What is the units digit of 3*z - (-53 + 18)?
2
Let l = -23 - -26. Suppose -k = -3*a + 3*k + 18, l*k - 6 = -a. What is the units digit of ((-15)/a)/(3/(-30))?
5
Let t = -174 + 331. Suppose -9*q + 787 = t. What is the units digit of q?
0
Let m be 1 + 53 + 2/(-6)*-6. Let w = m + -20. What is the tens digit of w?
3
What is the hundreds digit of 437030/275 - 8/(-10)?
5
Let i(s) = -3*s**3 - 2*s**2 + 3*s + 2. Let t(o) = o**2 - 6*o + 2. Let r be t(5). What is the tens digit of i(r)?
5
Let o be 8/28 - 19/(-7). Suppose -4*k + 4*z = -56, -19 - 19 = -o*k + 2*z. Suppose k = 5*c, 3*y - 4*y + 2*c = -17. What is the units digit of y?
1
Suppose -b + 4*d + 893 = 0, -12*b - 3*d + 4396 = -7*b. What is the tens digit of b?
8
Suppose -48 = -2*x + 2*m + 190, -12 = 4*m. What is the tens digit of x?
1
Suppose -2*v = 3*f + 5, 7*f + 24 = -5*v + 11*f. Suppose -h + 4 = -22. What is the units digit of (-632)/(-52) + v/h?
2
Suppose 0 = -3*p + 38 + 4. Suppose -5*x + 3*j + 24 = 0, -4*x - j + p = -12. What is the units digit of (4/x)/(6/54)?
6
Suppose 30 = 5*p - 55. Let t = -17 + p. Suppose -5*f + 3*s + 51 = -8, -2*f - s + 28 = t. What is the units digit of f?
3
Let i = -65 - -79. Let v(j) = j**2 - 11*j - 2. What is the units digit of v(i)?
0
Let h(m) = -m**3 + 7*m**2 + 3*m + 4. Let f be h(7). Suppose 5*p + 0*p = f. What is the units digit of p + (-1)/3*0?
5
Let r(f) = f**3 - 11*f**2 + 11*f - 7. Suppose 4 = 2*h - 16. Let j be r(h). Suppose 116 = t + j*t. What is the units digit of t?
9
Let t(q) = q**2 + 8*q - 5. Let b be t(-5). Let n = b - -22. Suppose n*p + 4*y - 94 = 0, 0 = p + 2*y - 7*y - 19. What is the units digit of p?
9
Suppose -9506 = 44*w - 51*w. What is the hundreds digit of w?
3
Suppose 5*g - 7*g + v + 2897 = 0, -2*g = -4*v - 2888. Suppos